4?
4
Suppose -3*r + 3*g = -42, 5*g + 34 = -15*r + 17*r. What is the highest common factor of r and 60?
12
Suppose -51 = -4*q + 5*b, 57 = 5*q + b - 5*b. Suppose -7*u - 390 = -4*u. Let m = 220 + u. What is the highest common factor of q and m?
9
Suppose -3*m + 5*t + 1961 = 0, 21*t - 20*t - 1955 = -3*m. Calculate the greatest common factor of m and 4.
4
Suppose 3*h = 2*c + 4 - 19, -11 = -2*c - h. Let b be (-236)/(-10) - (-8)/20. Suppose -2*x - b = -c*x. Calculate the highest common factor of 24 and x.
6
Let h(k) = k**2 - k + 1. Let z be h(-2). Let u be (z + -9)/((-2)/46). What is the greatest common divisor of 46 and u?
46
Let m be 1/3 + (-179)/(-3). Let p = 73 + -85. Let q be (30/3)/((-10)/p). Calculate the highest common factor of m and q.
12
Let z(y) = y**2 + 7*y + 8. Let h be z(-6). Let d(x) = -2 + 47*x**2 - 25*x**2 + 0 + h*x. Let l be d(2). Calculate the greatest common divisor of l and 18.
18
Suppose 2*y + 0 = 52. Let o(h) = -h**2 + 4*h + 3. Let v be o(7). Let t = y + v. What is the greatest common divisor of t and 16?
8
Suppose 0 = 4*l - 9*y + 4*y - 20, 24 = 2*l + y. Suppose -12 = -2*f + l. Calculate the greatest common divisor of 55 and f.
11
Let y = 128 + -128. Suppose y*i + 3*i + 7 = -2*r, -10 = -5*r - 2*i. Calculate the highest common factor of 16 and r.
4
Suppose -t + 12 - 6 = 0. Suppose -2*k = 5*d + k + 2, -d + k = -t. Suppose 36 = 2*n + 4*h, 15 = d*h - 7*h. Calculate the greatest common divisor of 48 and n.
24
Suppose 2*p + 8 = -5*l, 2*p + 4*l + 4 = -2*p. Suppose 0 = -2*z + p + 1, 4*z = 4*g. Let o be g/(-3) - 13/(-3). Calculate the greatest common factor of o and 2.
2
Let a be -2*10/5 + 24. Calculate the highest common divisor of a and 20.
20
Suppose 4*o - 5 = -3*c - 15, -3*c + o + 10 = 0. Suppose 4*v - 3*y - 249 = 0, c*v + 0*y = -2*y + 114. Calculate the greatest common factor of v and 36.
12
Suppose -5*s - 625 = 5*i, 5*i - 2*s = 2*s - 661. Let r = -107 - i. What is the greatest common factor of 44 and r?
22
Let h be (192/36)/((-1)/(-3)). Let x be (28/h - 1)*420. What is the highest common factor of x and 35?
35
Let m(d) = 7*d + 1. Let u be m(1). Suppose 3*z - 4*r + 550 = -2*z, 332 = -3*z + 2*r. Let i = z + 130. What is the greatest common divisor of u and i?
8
Suppose 23*x - 36*x + 1313 = 0. What is the highest common divisor of x and 303?
101
Suppose 0 = 4*d + 8 - 28. Let k(b) = -b**2 + b + 130. Let z be k(11). Calculate the greatest common factor of d and z.
5
Let s = 10 - 8. Let z(l) = l**3 - l**2 - 4*l - 1. Let j be z(3). What is the highest common factor of j and s?
1
Let f = -7 + 67. Let b be (-4 + 2 - (-1 - 0)) + 6. Suppose 2*r - b*o - 5 - 40 = 0, 2*o + 6 = 0. Calculate the highest common factor of f and r.
15
Let y be (44/(-55))/((-4)/420). What is the highest common divisor of y and 658?
14
Suppose 3*a = 8*a - 25. Let r be 296/6 + 2/3. What is the greatest common factor of a and r?
5
Suppose 1228 = -5*k - 2*d + 3803, 4*k - 4*d = 2032. Calculate the highest common factor of 27 and k.
27
Let i be (54/4)/(12/16). What is the highest common factor of 162 and i?
18
Let x be (3/9)/(3/63). Suppose -2*l = -x - 33. What is the greatest common factor of 8 and l?
4
Suppose 256 = -0*o + 4*o - r, 4*o = -2*r + 268. Suppose 0 = -10*b - 2*b - 9*b + 1092. What is the greatest common divisor of o and b?
13
Let g = 1558 + -1381. Calculate the highest common divisor of 9 and g.
3
Suppose -3*x = -5*q - 84, -q + 30 = x - 2*q. What is the greatest common divisor of 3399 and x?
33
Let c be (2 + -1)/((-1)/(-19)). Suppose -2*i = -3*b - i + 230, -b = 2*i - 72. Calculate the highest common divisor of b and c.
19
Let n be 54 + (-11 - -6) + 0 + 5. What is the highest common divisor of 648 and n?
54
Let h = -955 - -961. Calculate the greatest common factor of h and 45.
3
Let h = -2128 + 2164. Let o = 72 - 48. Calculate the highest common divisor of o and h.
12
Suppose -4 = -4*b, 0*u - 10 = -u + 2*b. Calculate the greatest common divisor of 108 and u.
12
Let j = -1743 + 1767. What is the highest common factor of 1896 and j?
24
Let p(m) = 16*m**2 + 35*m + 75. Let h(z) = -7*z**2 - 18*z - 37. Let s(w) = -9*h(w) - 4*p(w). Let b be s(22). What is the highest common divisor of 33 and b?
33
Let o(p) = p**3 - 7*p**2 + 7*p. Let n be o(6). Let z be (-2 + -1)*(-200)/n. What is the highest common factor of z and 40?
20
Let m = 111 + -51. Suppose 7*q - m = q. What is the greatest common factor of q and 80?
10
Suppose -3 = -a - 0. Let j be -1*a - (-15 + 0). Suppose 4*c - 5 = 11. What is the greatest common factor of c and j?
4
Let d = -139 + 211. Let v be (-60)/(-2)*(-3 + d/20). Calculate the greatest common divisor of v and 90.
18
Let y be 8/(-12) - ((-5704)/(-3))/(-2). What is the highest common divisor of 50 and y?
50
Let y be 4 - ((-18)/(-7) - (-27)/63). Let c(i) = 12*i**2 + i - 1. Let j be c(y). What is the highest common divisor of 18 and j?
6
Let w(j) = 28*j + 2. Let y(h) = h + 1. Let x(r) = w(r) - 3*y(r). Let o be x(1). Suppose -5*d + 2*d + o = 0. Calculate the highest common factor of 88 and d.
8
Suppose 1415 = 33*j - 70. What is the greatest common factor of j and 72?
9
Let m(g) = 4*g**3 - 2*g**2 - 2*g + 1. Let b be m(2). Suppose b*x - 24*x + 81 = 0. Let l be 6*1/(6/x). What is the greatest common divisor of 297 and l?
27
Let s(t) = t**3 + 12*t**2 + 18*t + 3. Let r(o) = 3*o + 47. Let g be r(-19). Let i be s(g). Calculate the highest common divisor of 207 and i.
23
Suppose 4*b - 260 = -4*h, 8 = -0*h - 2*h. Suppose -475 = -9*g - 61. Calculate the highest common factor of b and g.
23
Let k = 2507 + 944. What is the highest common factor of k and 119?
119
Let u(b) = b**3 + 16*b**2 + 1. Let p be u(-16). Let v be -1 - 0 - (-12 + p). What is the greatest common divisor of 90 and v?
10
Let y be 5/(-1)*16/(-10). Let o = -55 - -59. Let z be 567/12 + 3/o. What is the greatest common factor of z and y?
8
Let i = -111 + 804. Calculate the greatest common divisor of i and 189.
63
Suppose 3*x - 38 - 28 = 0. Let z = 41 + -31. Suppose -5*n = -d + 2, 5*n - z*n = d - 42. Calculate the highest common factor of x and d.
22
Let k(f) = -f**3 - 34*f**2 - 65*f + 60. Let v be k(-32). What is the greatest common factor of v and 8?
4
Suppose 0 = 17*y - 15*y + 120. Let n = y - -69. What is the highest common factor of 99 and n?
9
Let n be (-3)/((-6)/4) + 13. Let g = -548 + 1087. Suppose -2*c = -2*l + 272, c - g = l - 5*l. What is the highest common divisor of l and n?
15
Let l be (-5 - 2)*((-60)/(-14) - 0). Let c = 45 + l. What is the greatest common factor of 20 and c?
5
Suppose 3*t - 4*t + 16 = 0. Let n(f) = 32*f - 21. Let y be n(-8). Let z = y + 389. What is the greatest common factor of z and t?
16
Suppose -5*s - 2*y = -702, 59*s = 56*s + 3*y + 417. Calculate the highest common factor of s and 20.
20
Let i = 998 - 621. Calculate the highest common divisor of i and 26.
13
Let t = 1860 - 1692. What is the highest common factor of 399 and t?
21
Let x be (0 + 3 + -4)*-1. Let s be (x - 37)/((2/2)/(-1)). Calculate the greatest common divisor of 90 and s.
18
Suppose -5*h - 3*h = 312. Let o be 6/(-39) + (-3438)/h. Suppose 2*l = 1 + 21. Calculate the greatest common divisor of o and l.
11
Let v = -54 - -57. Suppose 5*c - q = 10, -2*c + q = -q + 4. Calculate the highest common divisor of v and c.
3
Let j be 117*(-2 - -3)*1. Let s = j - 99. What is the greatest common divisor of s and 30?
6
Let v(x) = x**2 - 55*x - 21. Let z be v(56). What is the highest common divisor of 7 and z?
7
Suppose 3*b - 6*b - 150 = -3*z, 2*z - 105 = -3*b. Calculate the highest common divisor of 204 and z.
51
Let q(y) = -y**2 - y - 140. Let i be q(0). Let s be i/(-6) - 2/(-3). Let l be ((-2)/(-3))/(9/81). What is the highest common divisor of l and s?
6
Let m be 6/(2 - (-10)/(-8)). Let d = -9 + m. Let j be (d - -16) + 0 + 1. What is the greatest common factor of j and 112?
16
Let s be (112/(-12))/(8/(-228)). Calculate the highest common divisor of 14 and s.
14
Suppose -61*t = 9*t - 1330. Calculate the highest common divisor of 152 and t.
19
Suppose -3*s + 47 - 10 = 2*f, f - 5*s + 1 = 0. Suppose -f*g = -19*g + 1980. What is the highest common factor of 36 and g?
36
Let j(t) = t**2 - 9*t + 2. Let i be j(8). Let k = i - -59. Suppose -3*p + 3*g + 51 = 0, 3*g = 4*p + 2*g - k. What is the highest common divisor of 24 